{"id":89,"date":"2023-04-17T19:50:36","date_gmt":"2023-04-17T22:50:36","guid":{"rendered":"https:\/\/canesinvest.com.br\/?page_id=89"},"modified":"2024-01-23T16:30:48","modified_gmt":"2024-01-23T19:30:48","slug":"home-germany","status":"publish","type":"page","link":"https:\/\/canesinvest.com.br\/?page_id=89","title":{"rendered":"Home &#8211; Germany"},"content":{"rendered":"\n\n\n\n\n\n\n\n\n\n\n\n\n\n\n\n\n\n\n\n\n\n\n\n\n\n\n\n\n\n\n\n\n\n\n\n\n\n\n\n\n\n\n\n\n\n\n\n\n\n\n\n\n\n<p class=\"MsoNoSpacing\" align=\"center\" style=\"text-align:center\"><font color=\"#ffffff\" face=\"Times New Roman, serif\"><span style=\"font-size: 24px;\"><i>Guten Tag&nbsp;<\/i><\/span><\/font><i style=\"font-size: 24px; color: rgb(255, 255, 255); font-family: &quot;Times New Roman&quot;, serif; text-transform: initial;\">haben Sie schon einmal daran gedacht, dass Sie Ihr Leben vieleicht viel angenehmer, farbiger und ohne Stress in einem anderen Land realisieren koennen, dort wo sie nicht taeglich im Stau stehen, sich die ganze Woche stressen, jeden Tag mit neuen Regelungen, Gesetzen und Vorschriften konfrontiert werden, Ihre Ersparnisse sich nicht jedes Jahr verringern, dann verlieren Sie keine Zeit mehr und pruefen Sie unsere nachfolgenden Angebote, welche Ihnen vielleicht einen neuen Weg zum Paradies oeffnen koennen.&nbsp;<\/i><\/p><p class=\"MsoNoSpacing\" align=\"center\" style=\"text-align:center\"><font color=\"#ffffff\" face=\"Times New Roman, serif\"><span style=\"font-size: 24px;\"><i><br><\/i><\/span><\/font><\/p><p class=\"MsoNoSpacing\" align=\"center\" style=\"text-align:center\"><font color=\"#ffffff\" face=\"Times New Roman, serif\"><span style=\"font-size: 24px;\"><i>Aus Altersgruenden verkaufe ich einige meiner Kolonialhaeuser am Hafen im historischen Zentrum von Canavieiras, im Staate Bahia, 600 KM suedlich von Salvador da Bahia in Brasilien gelegen.&nbsp;<\/i><\/span><\/font><\/p><p class=\"MsoNoSpacing\" align=\"center\" style=\"text-align:center\"><font color=\"#ffffff\" face=\"Times New Roman, serif\"><span style=\"font-size: 24px;\"><i><br><\/i><\/span><\/font><\/p><p class=\"MsoNoSpacing\" align=\"center\" style=\"text-align:center\"><font color=\"#ffffff\" face=\"Times New Roman, serif\"><span style=\"font-size: 24px;\"><i>Eines dieser wunderschoenen, umgebaugen und teilweise renovierten Kolonialhaeuser, oder wenn Sie es weunschen, praktisch der ganze Strassenzug kann Ihnen gehoeren !<\/i><\/span><\/font><\/p><div style=\"text-align: center;\"><br><\/div>\n\n\n\n\n\n\n\n\n\n\n\n\n\n\n\n<div>Einmalige Gelegenheiten&nbsp;<\/div><div>im Paradies der Bahia Brasilien.<\/div>\n\n<font style=\"vertical-align: inherit;\"><font style=\"vertical-align: inherit;\">Mein Name ist Christian Muller<\/font><\/font>\n\n<div>Vor ca. 40 Jahren bin ich von der Schweiz nach Brasilien umgesiedelt und investierte in all diesen Jahren speziell in der Bahia. Heute habe ich schon ein stattliches Alter erreicht und moechte mich von einigen meiner Immobilien trennen.&nbsp;&nbsp;<\/div><div>Dort wo ich in den letzten 20 Jahren praktisch nach und nach eine ganze Strasse von wunderschoenen Kolonialhaeusern erworben, umgebaut und restauriert habe, hier ist sie&#8230;<\/div>\n\n<div>&#8230; ist die Welt noch in Ordnung.<\/div><div>Nette freundliche Bewohner&#8230;<\/div>\n\n<div>riesige, breite und weisse Kokospalmenstraende,&nbsp;<\/div>\n\n\n\n\n\n\n\n\nunzaehlige Fluesse die vom Tropenurwald direkt ins Meer muenden, gruene, kraeftig spriessende Natur, grosser Fischreichtum&#8230;\n\n\n\n\n\n\n\n\n\n\n\n<div>guenstige Preise, sehr ausgewogenes und gesundes Klima, nicht zu heiss und feucht, nicht zu kalt und trocken und deshalb auch hohe Lebensqualitaet. Kurzum, ich hatte das Paradies gefunden<\/div><div><br><\/div><div>Hier geht es zu den Immobilien, welche Ihnen eine Existenz bieten koennen:<\/div><div><br><\/div>\n\n\n\n\n\n\n\nHier finden Sie Immobilien die Ihnen ein schoenes und  gutes Leben  bieten\u00a0\u00a0koennen\n<h3><span style=\"letter-spacing: normal; text-transform: none;\"><i>Blick auf die Fassaden und Fotomix<\/i><\/span><br><\/h3>\n\n\n\n\n\n\n\n\n\n\n\nBlick auf die Fassaden und Fotomix\nDie meisten Kolonialh\u00e4user befinden sich in der Avenida Felinto Melo vor dem Rio Pardo.\n\nDetails zu jedem Haus:\n\n\n\n\n\n\n\n\n<font style=\"vertical-align: inherit;\"><font style=\"vertical-align: inherit;\"><strong><font style=\"vertical-align: inherit;\"><font style=\"vertical-align: inherit;\">1- CASA DA PRA\u00c7A \/ TOTAL 329M\u00b2<\/font><\/font><\/strong><\/font><\/font>\n\n\n\n\n\n\n\n\n\n\n<h5 style=\"text-align: center;\">Parterre:&nbsp; 1 Anwaltspraxis 76.00 m2 \/ 3 Raeume \/ Waschbecken \/ 2 Toiletten<\/h5><div style=\"text-align: center;\"><br><\/div>\n\n<h5 style=\"text-align: center;\">Parterre: 1 Restaurant&nbsp; &nbsp;60.00 m2 \/ Theke \/ Kueche \/ 2 Toiletten<br><\/h5>\n\n\n<h5 style=\"text-align: center;\">Andar 01:&nbsp; 5- Zi-Wohnung, 145.00 m2 \/ 4 Suiten (4 Schlafzimmer und 4 Badezimmer, Toilette und Dusche), 2 Wohnraeume \/ 1 Kueche \/ 1 Serviceraum \/ 1 Varanda<\/h5><div style=\"text-align: center;\"><br><\/div>\n\n\n\n\n\n\n\n<font style=\"vertical-align: inherit;\"><font style=\"vertical-align: inherit;\"><strong><font style=\"vertical-align: inherit;\"><font style=\"vertical-align: inherit;\"><font style=\"vertical-align: inherit;\"><font style=\"vertical-align: inherit;\">2- CASA BRANCA DE NEVE \/ TOTAL 103,66M\u00b2&nbsp;<\/font><\/font><\/font><\/font><\/strong><\/font><\/font>\n\n\n\n\n\n\n\n\n\n\n<h5 style=\"text-align: center;\">Parterre: 1 Restaurant (Pizzaria) 51.83 m2 \/ 1 Raum \/ Kueche \/ Theke \/ 2 Toiletten<\/h5><div style=\"text-align: center;\"><br><\/div>\n\n\n<h5 style=\"text-align: center;\">Andar 1:&nbsp; 1 Apartment (Loft Coronel) 51.83 m2 \/ 1 Raum \/ 1 kl. Kueche \/ 1 Toilette mit Dusche \/ Klimaanlage<\/h5><h5 style=\"text-align: center;\"><br><\/h5>\n\n\n\n\n\n\n\n\n<font style=\"vertical-align: inherit;\"><font style=\"vertical-align: inherit;\"><strong><font style=\"vertical-align: inherit;\"><font style=\"vertical-align: inherit;\"><font style=\"vertical-align: inherit;\"><font style=\"vertical-align: inherit;\"><font style=\"vertical-align: inherit;\"><font style=\"vertical-align: inherit;\">3-  GALERIA DO PORTO \/ TOTAL 525,14M\u00b2&nbsp;<\/font><\/font><\/font><\/font><\/font><\/font><\/strong><\/font><\/font>\n\n\n\n\n\n\n\n<h5 style=\"text-align: center;\">Parterre: Museo&nbsp; 132.87 m2&nbsp;<br><\/h5>\n<h5 style=\"text-align: center;\">Parterre: Geschaeft \/ loja 01&nbsp; 9.45 m2 (Eisdiele) \/ Geschaeft \/ loja 02 + 03&nbsp; 10.00 m2 (Kosmetik) \/ Geschaeft (Kosmetik)\/ loja 04&nbsp; 7.84 m2 \/ Geschaeft (Kleider)\/loja 05&nbsp; 7.76 m2 \/ Geschaeft (Lanchonete)\/ loja&nbsp; 06 + 07&nbsp; 17.98 m2 \/ Geschaeft \/ loja 08&nbsp; 7.31 m2 \/&nbsp;<\/h5><h5 style=\"text-align: center;\">Geschaeft \/&nbsp; loja 09&nbsp; 7.71 m2 (cosm\u00e9tica)\/ Geschaeft Numerologia (04)\/ loja 10&nbsp; 11.70 m2&nbsp; &nbsp;<span style=\"white-space:pre\">\t<\/span>+ 2 Toiletten \/ Banheiros \/ 1 Aquarium \/ 01 aquario<\/h5><div style=\"text-align: center;\"><br><\/div>\n\n\n<h5 style=\"text-align: center;\">1 Stock: Wohnung&nbsp; mit 80.00 m2 \/ 3 quartos \/ 1 sala \/ 1 banheiro \/ 1 Sauna \/ 1 kleines Schwimmbad&nbsp; \/ kleine Kueche offen\/&nbsp; 02 Klimaanlagen \/ grosse Terasse mit Sicht auf Rio Pardo&nbsp;<\/h5><div style=\"text-align: center;\"><br><\/div>\n\n\n<h5 style=\"text-align: center;\">1 Stock: 3-Zi Wohnung&nbsp; 52.87 m2 \/ 01 Suite \/ 02 quartos \/ 1 Toilette \/ 1 Badzimmer \/ 1 Kueche\/ 02 Klimaanlagen&nbsp;<\/h5><h5 style=\"text-align: center;\"><br><\/h5>\n\n\n\n\n\n\n\n\n<font style=\"vertical-align: inherit;\"><font style=\"vertical-align: inherit;\"><strong><font style=\"vertical-align: inherit;\"><font style=\"vertical-align: inherit;\"><font style=\"vertical-align: inherit;\"><font style=\"vertical-align: inherit;\"><font style=\"vertical-align: inherit;\"><font style=\"vertical-align: inherit;\">4- ARMAZ\u00c9M TOTAL \/ 167,36M\u00b2&nbsp;<\/font><\/font><\/font><\/font><\/font><\/font><\/strong><\/font><\/font>\n\n\n\n\n\n\n<h5 style=\"text-align: center;\">Parterre: 83.68m2 :1 Restaurant, mit Bar und Kueche, 2 Toilette, 1 Studio mit Toilette<\/h5><div style=\"text-align: center;\"><br><\/div>\n\n\n<h5 style=\"text-align: center;\">1 Stock: 83.68 m2 : Wohnung mit 2 Schlafzimmern, 1 Badezimmer, 1 Kueche und Balkon mit Grillplatz, 2 Klimaanlagen<\/h5><div style=\"text-align: center;\"><br><\/div>\n\n\n\n\n\n\n\n\n<font style=\"vertical-align: inherit;\"><font style=\"vertical-align: inherit;\"><strong><font style=\"vertical-align: inherit;\"><font style=\"vertical-align: inherit;\"><font style=\"vertical-align: inherit;\"><font style=\"vertical-align: inherit;\"><font style=\"vertical-align: inherit;\"><font style=\"vertical-align: inherit;\">5- CASA FRANK \/ TOTAL 172,75&nbsp;<\/font><\/font><\/font><\/font><\/font><\/font><\/strong><\/font><\/font>\n\n\n\n\n\n\n<p class=\"MsoNoSpacing\"><span style=\"font-size:22.0pt;font-family:&quot;Times New Roman&quot;,&quot;serif&quot;\"><font style=\"vertical-align: inherit;\"><font style=\"vertical-align: inherit;\"><\/font><\/font><\/span><\/p><h5><p style=\"text-align: right;\"><span style=\"color:#000000;\"><\/span><\/p><\/h5><h5 class=\"MsoNoSpacing\" style=\"text-align: right;\"><span style=\"font-size:12.0pt;font-family:&quot;Times New Roman&quot;,&quot;serif&quot;\"><\/span><\/h5><h5 class=\"MsoNoSpacing\" style=\"text-align: center;\"><font face=\"Times New Roman, serif\"><span style=\"font-size: 29.3333px;\">Parterre:&nbsp; 85.45:&nbsp; 1 restaurante sushi bar mit grossem Raum, grosse&nbsp;<\/span><\/font><\/h5><div style=\"text-align: center;\"><br><\/div>\n\n\n<h5 class=\"MsoNoSpacing\" style=\"text-align: center;\"><font face=\"Times New Roman, serif\"><span style=\"font-size: 29.3333px;\">1 Stock : Loft 05:&nbsp; &nbsp;87.29m2 : 1 Wohnung mit zwei Schlafzimmern, gosser Livingraum, Kueche und grosse Terasse mit Grillplatz, Sicht auf den Rio Pardo, 2 Klimaanlagen&nbsp; &nbsp;<\/span><\/font><\/h5><div style=\"text-align: center;\"><br><\/div>\n\n\n\n\n\n\n\n\n<font style=\"vertical-align: inherit;\"><font style=\"vertical-align: inherit;\"><strong><font style=\"vertical-align: inherit;\"><font style=\"vertical-align: inherit;\"><font style=\"vertical-align: inherit;\"><font style=\"vertical-align: inherit;\"><font style=\"vertical-align: inherit;\"><font style=\"vertical-align: inherit;\">6- INTEND\u00caNCIA&nbsp; \/ TOTAL 303,57M\u00b2&nbsp;<\/font><\/font><\/font><\/font><\/font><\/font><\/strong><\/font><\/font>\n\n\n\n\n\n\n\n<p class=\"MsoNoSpacing\"><span style=\"font-size:12.0pt;font-family:&quot;Times New Roman&quot;,&quot;serif&quot;\"><font style=\"vertical-align: inherit;\"><font style=\"vertical-align: inherit;\"><\/font><\/font><\/span><\/p><h5 class=\"MsoNoSpacing\" style=\"text-align: center;\"><font face=\"Times New Roman, serif\"><span style=\"font-size: 29.3333px;\">Restaurante&nbsp; 176.20 m2: mit Bar und Restaurant \/ grosse Kueche\/ Depotraum, 2 Toiletten, kleinen Garten mit 15.27 m2<\/span><\/font><\/h5><div style=\"color: rgb(0, 0, 0); text-align: center;\"><br><\/div>\n\n\n<h5 class=\"MsoNoSpacing\" style=\"text-align: center;\"><font face=\"Times New Roman, serif\"><span style=\"font-size: 29.3333px;\">1 Stock Loft 03&nbsp; &nbsp;48.00 m2:&nbsp; Wohnraum mit integriertem Schlafzimmer mit Sicht auf Rio Pardo, kleine American Bar, Badezimmer, Klimaanlage&nbsp;<\/span><\/font><\/h5><div style=\"color: rgb(0, 0, 0); text-align: center;\"><br><\/div>\n\n\n<h5 class=\"MsoNoSpacing\" style=\"text-align: center;\"><font face=\"Times New Roman, serif\"><span style=\"font-size: 29.3333px; text-transform: none;\">1 Stock Loft 04&nbsp; 79.47 m2: 1 Schlafzimmer mit Badezimmer, 1 Schlafzimmer mit separater Toilette, 2 Klimaanlagen, Terasse, Grillplatz, kleine Kueche&nbsp;&nbsp;<\/span><\/font><\/h5><div style=\"color: rgb(0, 0, 0); text-align: center;\"><br><\/div>\n\n\n\n\n\n\n\n\n<font style=\"vertical-align: inherit;\"><font style=\"vertical-align: inherit;\"><strong><font style=\"vertical-align: inherit;\"><font style=\"vertical-align: inherit;\"><font style=\"vertical-align: inherit;\"><font style=\"vertical-align: inherit;\"><font style=\"vertical-align: inherit;\"><font style=\"vertical-align: inherit;\">7- CASA MARLIM AZUL \/ TOTAL 287,86M\u00b2&nbsp;<\/font><\/font><\/font><\/font><\/font><\/font><\/strong><\/font><\/font>\n\n\n<p>Lorem Ipsum has been the industry&#8217;s standard dummy text ever since the 1500s.<\/p>\n\n\n\n\n\n<p class=\"MsoNoSpacing\"><span style=\"font-size:22.0pt;font-family:&quot;Times New Roman&quot;,&quot;serif&quot;\"><font style=\"vertical-align: inherit;\"><font style=\"vertical-align: inherit;\"><\/font><\/font><\/span><\/p><h5 class=\"MsoNoSpacing\" style=\"text-align: center;\"><font face=\"Times New Roman, serif\"><span style=\"font-size: 29.3333px;\">Restaurante&nbsp; 136.19 m2 : Grosser Raum mit Kaminfeuer, Depot, 2 Toiletten, grosse Kueche \/ Bar&nbsp;<\/span><\/font><\/h5><div style=\"color: rgb(0, 0, 0); text-align: center;\"><br><\/div>\n\n\n<p class=\"MsoNoSpacing\" style=\"color: rgb(0, 0, 0);\"><span style=\"font-size:22.0pt;font-family:&quot;Times New Roman&quot;,&quot;serif&quot;\"><o:p><\/o:p><\/span><\/p><h5 class=\"MsoNoSpacing\" style=\"text-align: center;\"><font face=\"Times New Roman, serif\"><span style=\"font-size: 29.3333px;\">1 Stock Loft 01 mit 68.92 m2: Wohnraum mit einem Schlafraum mit Klimaanlage, Badezimmer , Kueche, grosse Terasse mit Grillplatz und Sicht auf den rio Pardo<\/span><\/font><\/h5><div style=\"color: rgb(0, 0, 0); text-align: center;\"><br><\/div>\n\n<p class=\"MsoNoSpacing\" style=\"color: rgb(0, 0, 0);\"><span style=\"font-size:22.0pt;font-family:&quot;Times New Roman&quot;,&quot;serif&quot;\"><font style=\"vertical-align: inherit;\"><font style=\"vertical-align: inherit;\"><\/font><\/font><o:p><\/o:p><\/span><\/p><p class=\"MsoNoSpacing\" style=\"color: rgb(0, 0, 0);\">\n<\/p><h5 class=\"MsoNoSpacing\" style=\"text-align: center;\"><font face=\"Times New Roman, serif\"><span style=\"font-size: 29.3333px;\">1 Stock Loft 02 mit&nbsp; 82.75 m2: Wohnraum mit Kueche, Schlafzimmer und separatem Badezimmer, Klimaanlage, grosse Terrasse mit Grillplatz&nbsp; &nbsp;<\/span><\/font><\/h5><div style=\"color: rgb(0, 0, 0); text-align: center;\"><br><\/div>\n\n\n\n\n<font style=\"vertical-align: inherit;\"><font style=\"vertical-align: inherit;\"><strong><font style=\"vertical-align: inherit;\"><font style=\"vertical-align: inherit;\"><font style=\"vertical-align: inherit;\"><font style=\"vertical-align: inherit;\"><font style=\"vertical-align: inherit;\"><font style=\"vertical-align: inherit;\">8- ROYALE CHARLOTTE \/ TOTAL88,10M\u00b2&nbsp;<\/font><\/font><\/font><\/font><\/font><\/font><\/strong><\/font><\/font>\n\n\n\n\n\n\n\n\n\n\n<p class=\"MsoNoSpacing\"><span style=\"font-size:22.0pt;font-family:&quot;Times New Roman&quot;,&quot;serif&quot;\"><font style=\"vertical-align: inherit;\"><font style=\"vertical-align: inherit;\"><\/font><\/font><\/span><\/p><h5 class=\"MsoNoSpacing\" style=\"text-align: center;\"><font face=\"Times New Roman, serif\"><span style=\"font-size: 29.3333px;\">RESTAURANTE BAR 53.45 M2:&nbsp; Bar, Kueche, 2 Toiletten<\/span><\/font><\/h5><div style=\"color: rgb(0, 0, 0); text-align: center;\"><br><\/div>\n\n<h5 class=\"MsoNoSpacing\" style=\"color: rgb(0, 0, 0); text-align: center;\"><span style=\"font-size:22.0pt;font-family:&quot;Times New Roman&quot;,&quot;serif&quot;\"><o:p><\/o:p><\/span><\/h5><h5 class=\"MsoNoSpacing\" style=\"color: rgb(0, 0, 0); text-align: center;\">\n<\/h5><h5 class=\"MsoNoSpacing\" style=\"text-align: center;\"><font face=\"Times New Roman, serif\"><span style=\"font-size: 29.3333px;\"><br><\/span><\/font><\/h5>\n<h5 class=\"MsoNoSpacing\" style=\"text-align: center;\"><font face=\"Times New Roman, serif\"><span style=\"font-size: 29.3333px;\">1 Stock Raum mit kleiner Terasse 20.11 m2, Sicht auf Rio Pardo<\/span><\/font><\/h5><div style=\"color: rgb(0, 0, 0); text-align: center;\"><br><\/div>\n\n\n\n\n\n\n<font style=\"vertical-align: inherit;\"><font style=\"vertical-align: inherit;\"><font style=\"vertical-align: inherit;\"><font style=\"vertical-align: inherit;\"><font style=\"vertical-align: inherit;\"><font style=\"vertical-align: inherit;\"><font style=\"vertical-align: inherit;\"><font style=\"vertical-align: inherit;\"><b>9 e 10 &#8211; CASA 7 PORTAS JUNTO BANCO BAHIA \/ TOTAL 217,23M\u00b2&nbsp;<\/b><\/font><\/font><\/font><\/font><\/font><\/font><\/font><\/font>\n\n\n\n\n\n<p class=\"MsoNoSpacing\"><span style=\"font-size:22.0pt;font-family:&quot;Times New Roman&quot;,&quot;serif&quot;\"><font style=\"vertical-align: inherit;\"><font style=\"vertical-align: inherit;\"><\/font><\/font><\/span><\/p><h5 class=\"MsoNoSpacing\" style=\"text-align: center;\"><font face=\"Times New Roman, serif\"><span style=\"font-size: 29.3333px;\">RESTAURANTE&nbsp; mit 108.63 m2, mit zwei grossen Raeumen, Bar, Kueche, 2 Toiletten, Grillstelle<\/span><\/font><\/h5><div style=\"color: rgb(0, 0, 0); text-align: center;\"><br><\/div>\n\n\n<h5 class=\"MsoNoSpacing\" style=\"text-align: center;\"><font face=\"Times New Roman, serif\"><span style=\"font-size: 29.3333px;\">1 Stock LOFT 7 PORTAS mit 108.63: 1 grosser Saal mit Kueche, kleines Schlafzimmer mit separatem Badezimmer und eine Suite, Schlafzimmer mit Badezimmer und grosser Terasse mit Sicht auf den Rio Pardo, 2 Klimaanlagen und Grillplatz&nbsp;&nbsp;<\/span><\/font><\/h5><div style=\"color: rgb(0, 0, 0); text-align: center;\"><br><\/div>\n\n\n\n<span style=\"color:#000000;\"><h5 class=\"MsoNoSpacing\" style=\"text-align: center;\"><font face=\"Times New Roman, serif\">CASA BANCO BAHIA<\/font><\/h5><\/span>\n\n\n\n\n\n\n\n<font style=\"vertical-align: inherit;\"><font style=\"vertical-align: inherit;\"><strong><font style=\"vertical-align: inherit;\"><font style=\"vertical-align: inherit;\"><font style=\"vertical-align: inherit;\"><font style=\"vertical-align: inherit;\"><font style=\"vertical-align: inherit;\"><font style=\"vertical-align: inherit;\">11 &#8211; CASA DO PORTO \/ TOTAL 98,13M2&nbsp;<\/font><\/font><\/font><\/font><\/font><\/font><\/strong><\/font><\/font>\n\n\n\n\n\n\n<p class=\"MsoNoSpacing\"><span style=\"font-size:22.0pt;font-family:&quot;Times New Roman&quot;,&quot;serif&quot;\"><font style=\"vertical-align: inherit;\"><font style=\"vertical-align: inherit;\"><\/font><\/font><\/span><\/p><h5 class=\"MsoNoSpacing\" style=\"text-align: center;\"><font face=\"Times New Roman, serif\"><span style=\"font-size: 29.3333px;\">RESTAURANTE 73.11 M2&nbsp; mit Bar, und zwei Raeumen, Kueche und Depot, 2 Toiletten<\/span><\/font><\/h5><h5 class=\"MsoNoSpacing\" style=\"text-align: center;\"><br><\/h5>\n<p class=\"MsoNoSpacing\"><span style=\"font-size:22.0pt;font-family:&quot;Times New Roman&quot;,&quot;serif&quot;\"><font style=\"vertical-align: inherit;\"><font style=\"vertical-align: inherit;\"><\/font><\/font><\/span><\/p><h5 class=\"MsoNoSpacing\" style=\"text-align: center;\"><font face=\"Times New Roman, serif\"><span style=\"font-size: 29.3333px;\">Parterre Und 1 Stock STUDIO  25.02 M2 Mit Kleinem Schlafraum, Kleine Kueche Und Kleines Badezimmer&nbsp;<br><\/span><\/font><\/h5>\n\n\n\n\n\n\n<font style=\"vertical-align: inherit;\"><font style=\"vertical-align: inherit;\"><strong><font style=\"vertical-align: inherit;\"><font style=\"vertical-align: inherit;\"><font style=\"vertical-align: inherit;\"><font style=\"vertical-align: inherit;\"><font style=\"vertical-align: inherit;\"><font style=\"vertical-align: inherit;\">12 &#8211; CASA PORTO EVENTOS \/ TOTAL 284,32M\u00b2&nbsp;<\/font><\/font><\/font><\/font><\/font><\/font><\/strong><\/font><\/font>\n\n\n\n\n\n\n\n\n\n<p class=\"MsoNoSpacing\"><span style=\"font-size:22.0pt;font-family:&quot;Times New Roman&quot;,&quot;serif&quot;\"><font style=\"vertical-align: inherit;\"><font style=\"vertical-align: inherit;\"><\/font><\/font><\/span><\/p><span style=\"color:#000000;\"><h5 class=\"MsoNoSpacing\" style=\"text-align: center;\"><span style=\"font-size:22.0pt;font-family:&quot;Times New Roman&quot;,&quot;serif&quot;\">Com\nduas salas grande de festa, um bar grande, 02 banheiros, 1 cozinha<o:p><\/o:p><\/span><\/h5><\/span>\n\n\n\n\n\n\n\n\n<font style=\"vertical-align: inherit;\"><font style=\"vertical-align: inherit;\"><strong><font style=\"vertical-align: inherit;\"><font style=\"vertical-align: inherit;\"><font style=\"vertical-align: inherit;\"><font style=\"vertical-align: inherit;\"><font style=\"vertical-align: inherit;\"><font style=\"vertical-align: inherit;\">13 &#8211; CASA GARAGEM&nbsp;<\/font><\/font><\/font><\/font><\/font><\/font><\/strong><\/font><\/font><b>MIT GARTEN<\/b>\n\n\n\n\n\n\n\n\n\n\n\n\n\n\n\n\nVERKAUF\n\n\nWir bieten mehrere Immobilienpakete (die fast die gesamte Stra\u00dfe vom\nHafen umfassen) und auch Einzel- oder Gruppenobjekte zum Verkauf an.\n\nUnsere Preisliste erhalten Sie umgehend per E-Mail:\n\nchrisconsulting@gmail.com\n\nWir bedauern, dass wir auf dieser Website keine Preise angegeben haben,\ndies deshalb, um unerw\u00fcnschte Kontakte zu vermeiden. Alle E-Mails mit\neinem korrekt angegebenen Absender erhalten sofort alle Preise mit\ngenaueren Informationen per E-Mail. Danke f\u00fcr Ihr Verst\u00e4ndnis.\nUebrigens: alle Immobilien sind voll vermietet, allerdings mit kurzfristigen,\n\neinfach kuendbaren Mietvertraegen\n<div>ALLE IMMOBILIEN SIND BEIM GEMEINDEAMOT UND IM<\/div><div>REGISTERAMT VON CANAVIEIRAS BAHIA OFIZIELL<\/div><div>EINGETRAGEN \/ ALLE STEUERN SIND BEZAHLT<\/div>\nChristian M\u00fcller (Inhaber)\n\n\n\n\n\n\n\n\n<font style=\"vertical-align: inherit;\"><font style=\"vertical-align: inherit;\">Canavieiras \/ Bahia<\/font><\/font>\n\n<font style=\"vertical-align: inherit;\"><font style=\"vertical-align: inherit;\">600 km s\u00fcdlich von Salvador, 110 km s\u00fcdlich von Ilh\u00e9us<\/font><\/font>\n\n\nEin Teil der Stadt Canavieiras liegt neben dem Fluss Pardo.\n\n\n\n\n\nS\u00edtio hist\u00f3rico Paulo Souto, Canavieiras,\n\n\n\n","protected":false},"excerpt":{"rendered":"","protected":false},"author":1,"featured_media":0,"parent":0,"menu_order":0,"comment_status":"closed","ping_status":"closed","template":"","meta":{"pagelayer_contact_templates":[],"_pagelayer_content":"","footnotes":""},"aioseo_notices":[],"_links":{"self":[{"href":"https:\/\/canesinvest.com.br\/index.php?rest_route=\/wp\/v2\/pages\/89"}],"collection":[{"href":"https:\/\/canesinvest.com.br\/index.php?rest_route=\/wp\/v2\/pages"}],"about":[{"href":"https:\/\/canesinvest.com.br\/index.php?rest_route=\/wp\/v2\/types\/page"}],"author":[{"embeddable":true,"href":"https:\/\/canesinvest.com.br\/index.php?rest_route=\/wp\/v2\/users\/1"}],"replies":[{"embeddable":true,"href":"https:\/\/canesinvest.com.br\/index.php?rest_route=%2Fwp%2Fv2%2Fcomments&post=89"}],"version-history":[{"count":27,"href":"https:\/\/canesinvest.com.br\/index.php?rest_route=\/wp\/v2\/pages\/89\/revisions"}],"predecessor-version":[{"id":823,"href":"https:\/\/canesinvest.com.br\/index.php?rest_route=\/wp\/v2\/pages\/89\/revisions\/823"}],"wp:attachment":[{"href":"https:\/\/canesinvest.com.br\/index.php?rest_route=%2Fwp%2Fv2%2Fmedia&parent=89"}],"curies":[{"name":"wp","href":"https:\/\/api.w.org\/{rel}","templated":true}]}}